{"id":2548,"date":"2021-08-19T14:29:07","date_gmt":"2021-08-19T14:29:07","guid":{"rendered":"https:\/\/grupodoin.com\/lmri\/?page_id=2548"},"modified":"2021-09-16T15:10:50","modified_gmt":"2021-09-16T15:10:50","slug":"equipe","status":"publish","type":"page","link":"https:\/\/grupodoin.com\/lmri\/equipe\/","title":{"rendered":"Equipe"},"content":{"rendered":"\t\t<div data-elementor-type=\"wp-page\" data-elementor-id=\"2548\" class=\"elementor elementor-2548\" data-elementor-post-type=\"page\">\n\t\t\t\t\t\t<section class=\"has_ae_slider elementor-section elementor-top-section elementor-element elementor-element-94cf499 elementor-section-height-min-height elementor-section-boxed elementor-section-height-default elementor-section-items-middle ae-bg-gallery-type-default\" data-id=\"94cf499\" data-element_type=\"section\" data-settings=\"{&quot;background_background&quot;:&quot;classic&quot;}\">\n\t\t\t\t\t\t<div class=\"elementor-container elementor-column-gap-default\">\n\t\t\t\t\t<div class=\"has_ae_slider elementor-column elementor-col-100 elementor-top-column elementor-element elementor-element-2659c5e7 ae-bg-gallery-type-default\" data-id=\"2659c5e7\" data-element_type=\"column\">\n\t\t\t<div class=\"elementor-widget-wrap\">\n\t\t\t\t\t\t\t<\/div>\n\t\t<\/div>\n\t\t\t\t\t<\/div>\n\t\t<\/section>\n\t\t\t\t<section class=\"has_ae_slider elementor-section elementor-top-section elementor-element elementor-element-6f5aebb elementor-section-boxed elementor-section-height-default elementor-section-height-default ae-bg-gallery-type-default\" data-id=\"6f5aebb\" data-element_type=\"section\" data-settings=\"{&quot;background_background&quot;:&quot;classic&quot;}\">\n\t\t\t\t\t\t<div class=\"elementor-container elementor-column-gap-default\">\n\t\t\t\t\t<div class=\"has_ae_slider elementor-column elementor-col-100 elementor-top-column elementor-element elementor-element-6169dde ae-bg-gallery-type-default\" data-id=\"6169dde\" data-element_type=\"column\" data-settings=\"{&quot;background_background&quot;:&quot;classic&quot;}\">\n\t\t\t<div class=\"elementor-widget-wrap elementor-element-populated\">\n\t\t\t\t\t\t<div class=\"elementor-element elementor-element-d32b042 elementor-widget elementor-widget-heading\" data-id=\"d32b042\" data-element_type=\"widget\" data-widget_type=\"heading.default\">\n\t\t\t\t<div class=\"elementor-widget-container\">\n\t\t\t\t\t<h2 class=\"elementor-heading-title elementor-size-default\">Conhe\u00e7a Nossa Equipe!<\/h2>\t\t\t\t<\/div>\n\t\t\t\t<\/div>\n\t\t\t\t<div class=\"elementor-element elementor-element-7c48950 elementor-widget elementor-widget-text-editor\" data-id=\"7c48950\" data-element_type=\"widget\" data-widget_type=\"text-editor.default\">\n\t\t\t\t<div class=\"elementor-widget-container\">\n\t\t\t\t\t\t\t\t\t<p><strong>Coordena\u00e7\u00e3o:<\/strong> Helen Khoury<\/p><p><strong>Vice-Coordena\u00e7\u00e3o:<\/strong> Vin\u00edcius Saito M. de Barros<\/p><p><b>Ger\u00eancia T\u00e9cnica:<\/b> Viviane Asfora<\/p><p><span style=\"font-weight: bold; background-color: var(--nv-site-bg); font-family: Montserrat, var(--nv-fallback-ff); letter-spacing: 0px;\">Ger\u00eancia<\/span><span style=\"font-weight: bold; background-color: var(--nv-site-bg); font-family: Montserrat, var(--nv-fallback-ff); letter-spacing: 0px;\">\u00a0<\/span><b>T\u00e9cnica Substituta: <\/b>Itayana de Albuquerque Lima<\/p><p><b>Ger\u00eancia da Qualidade:<\/b> P\u00e9ricles Wanderley Machado<\/p><p><b>Ger\u00eancia da Qualidade Substituto:<\/b> Andr\u00e9 Luiz T. de Fran\u00e7a<\/p><p><strong>Equipe T\u00e9cnica:<\/strong> Dayana Mirella do Nascimento<br \/>Elias Jos\u00e9 de Souza<br \/>Jos\u00e9 Fernando Oliveira de Souza<\/p><p><strong>Eq<\/strong><b>uipe Administrativa:<\/b> Ana Dayse Alves Zidanes<br \/>Egita\u00a0 Antonina dos Santos<\/p><p><strong>Assist\u00eancia Eletr\u00f4nica:<\/strong> Charles Nilton<\/p>\t\t\t\t\t\t\t\t<\/div>\n\t\t\t\t<\/div>\n\t\t\t\t\t<\/div>\n\t\t<\/div>\n\t\t\t\t\t<\/div>\n\t\t<\/section>\n\t\t\t\t<\/div>\n\t\t","protected":false},"excerpt":{"rendered":"<p>Conhe\u00e7a Nossa Equipe! Coordena\u00e7\u00e3o: Helen Khoury Vice-Coordena\u00e7\u00e3o: Vin\u00edcius Saito M. de Barros Ger\u00eancia T\u00e9cnica: Viviane Asfora Ger\u00eancia\u00a0T\u00e9cnica Substituta: Itayana de Albuquerque Lima Ger\u00eancia da Qualidade: P\u00e9ricles Wanderley Machado Ger\u00eancia da Qualidade Substituto: Andr\u00e9 Luiz T. de Fran\u00e7a Equipe T\u00e9cnica: Dayana Mirella do NascimentoElias Jos\u00e9 de SouzaJos\u00e9 Fernando Oliveira de Souza Equipe Administrativa: Ana Dayse Alves&hellip;&nbsp;<a href=\"https:\/\/grupodoin.com\/lmri\/equipe\/\" rel=\"bookmark\">Continue a ler &raquo;<span class=\"screen-reader-text\">Equipe<\/span><\/a><\/p>\n","protected":false},"author":1,"featured_media":0,"parent":0,"menu_order":0,"comment_status":"closed","ping_status":"closed","template":"elementor_header_footer","meta":{"neve_meta_sidebar":"full-width","neve_meta_container":"","neve_meta_enable_content_width":"on","neve_meta_content_width":100,"neve_meta_title_alignment":"","neve_meta_author_avatar":"","neve_post_elements_order":"","neve_meta_disable_header":"","neve_meta_disable_footer":"","neve_meta_disable_title":"","_themeisle_gutenberg_block_has_review":false,"footnotes":""},"class_list":["post-2548","page","type-page","status-publish","hentry"],"_links":{"self":[{"href":"https:\/\/grupodoin.com\/lmri\/wp-json\/wp\/v2\/pages\/2548","targetHints":{"allow":["GET"]}}],"collection":[{"href":"https:\/\/grupodoin.com\/lmri\/wp-json\/wp\/v2\/pages"}],"about":[{"href":"https:\/\/grupodoin.com\/lmri\/wp-json\/wp\/v2\/types\/page"}],"author":[{"embeddable":true,"href":"https:\/\/grupodoin.com\/lmri\/wp-json\/wp\/v2\/users\/1"}],"replies":[{"embeddable":true,"href":"https:\/\/grupodoin.com\/lmri\/wp-json\/wp\/v2\/comments?post=2548"}],"version-history":[{"count":45,"href":"https:\/\/grupodoin.com\/lmri\/wp-json\/wp\/v2\/pages\/2548\/revisions"}],"predecessor-version":[{"id":3699,"href":"https:\/\/grupodoin.com\/lmri\/wp-json\/wp\/v2\/pages\/2548\/revisions\/3699"}],"wp:attachment":[{"href":"https:\/\/grupodoin.com\/lmri\/wp-json\/wp\/v2\/media?parent=2548"}],"curies":[{"name":"wp","href":"https:\/\/api.w.org\/{rel}","templated":true}]}}